-4*u = -3*u + 3. Let i(v) be the second derivative of v**5/20 + v**4/3 - v**2/2 + 4*v - 15. Give i(u).
8
Let y(k) be the second derivative of -5*k**3/3 - k**2/2 + 42*k. Give y(1).
-11
Let z(v) = -4*v**3 - 15*v**2 + 21*v + 14. Let u(o) = -o**3 - 4*o**2 + 5*o + 4. Let r(h) = 9*u(h) - 2*z(h). Determine r(-7).
36
Let c(j) = -j - 10. Let v = -206 - -202. Give c(v).
-6
Let c(h) = h**2 + 4*h - 6. Let z be -2 + (0 + -4)*1. Determine c(z).
6
Let j(y) = -y**3 + 4*y**2 - 2*y - 2. Suppose 0 = 5*r + 3*p - 21, -4*p + 15 = 5*r - 8. Give j(r).
1
Let d(q) = -251*q - 247*q + 489*q + 1. Determine d(2).
-17
Let g(x) = -x**3 - 18*x**2 - x - 12. Suppose 0 = 90*a - 98*a - 144. What is g(a)?
6
Let c(k) = -k**3 + 5*k**2 + 4*k + 7. Let d = -75 + 81. Give c(d).
-5
Let d(p) = -3*p**3 - 3 + 5*p**3 + 7*p**3 + 7*p**2 - 2*p**3. Let i(j) = 15*j**3 + 15*j**2 - 7. Let y(l) = 13*d(l) - 6*i(l). Give y(0).
3
Let g(u) = u**2 - 3*u + 2. Let f = 60 + -116. Let q = -54 - f. What is g(q)?
0
Let p be 2/9 + 17/(-27)*-6. Suppose -2 + 18 = -p*s. Let o(y) = y**2 + 5*y - 2. Calculate o(s).
-6
Let c(z) = -45*z + 5*z - 10 + 8*z + 31*z. Give c(-16).
6
Let a(f) be the third derivative of -f**5/60 - 2*f**4/3 + f**3/2 - 35*f**2. Determine a(-16).
3
Let y(i) = -20*i**3 - i**2 + i - 1. Let h be -4 - 15/(-6)*(-1 - -3). What is y(h)?
-21
Let k(o) = -3*o**2 - 2*o. Suppose i + 5 = 2*x, -4*x - 5*i + 29 + 2 = 0. Suppose 7*p - 33 = x*p. Let z = 9 - p. Determine k(z).
-8
Let b(y) be the first derivative of -2*y**4/3 - y - 2. Let l(i) be the first derivative of b(i). Let o be 4/(-14) + 9/7. Determine l(o).
-8
Let v = -1 - -6. Let t be (18/15)/1*5. Let h(i) = -i**3 + 2*i**3 + 1 + t*i**2 - 2*i**3 + 37*i - 43*i. Calculate h(v).
-4
Let u(t) = 5. Let c = 7 + -1. Suppose -2*k - c = -0*k. Let s(f) = -f - 4. Let w(o) = k*u(o) - 4*s(o). Calculate w(-4).
-15
Let y be ((-4)/5)/((-40)/(-300)). Let o(n) = -2*n**3 + 12*n**2 + 3*n + 23. Let p(t) = -t**3 + 5*t**2 + t + 11. Let w(i) = -6*o(i) + 13*p(i). Calculate w(y).
-1
Suppose 10 = 6*p - 4*p, 14 = -3*w + 4*p. Suppose -12 + 4 = -4*x. Let n(m) = -w + 1 + m - x + 4. Determine n(2).
3
Suppose -s = -2*n + 5*n - 3, n - 5 = s. Let k(i) be the second derivative of -1/2*i**3 - 2*i**n + 5*i + 0. Determine k(-3).
5
Let h(t) = -t - 16. Let b(r) = -r**2 + 2*r - 1. Let y be b(1). Suppose -2*v + v - 4*v = y. Give h(v).
-16
Suppose -3 = i - 7. Let f = 6 - i. Let m(l) = l**3 - l**2 + l + 2. Let w(p) = -p**3 + p**2 - 2*p - 4. Let d(y) = 5*m(y) + 3*w(y). Calculate d(f).
4
Let o = 62 + -60. Let d(i) = 3*i - 4*i - 2 - 62*i**3 + 61*i**3 + 4*i**o. Calculate d(3).
4
Suppose 2*j + 0*j = 0. Let x(s) = -s**2. Let n(o) = 4*o**2 + o - 4. Let r(u) = n(u) + 3*x(u). Calculate r(j).
-4
Suppose 2*k + 0*p - 14 = -4*p, 3*k - 32 = 5*p. Suppose -k*m + 12 = 3. Let d(c) = -8*c**2 + c. Give d(m).
-7
Suppose 105*z - 39*z = -66. Let c(a) = 20*a**3 - a**2 + 1. Determine c(z).
-20
Let p(r) be the second derivative of r**4/12 - r**3/6 + r**2 + 663*r. Let x(m) = m + 10. Let u be x(-6). What is p(u)?
14
Let g be 5 - ((-13 - -8) + 0 + 1). Let m(j) = -j - 3. What is m(g)?
-12
Let a(x) = 4*x**2 + 1. Let r = 109 + -109. Suppose 0 = -4*w - 16, r*u - 14 = 2*u + 4*w. Calculate a(u).
5
Suppose w - 32 - 45 = 0. Let i = w - 76. Let x(u) = 10*u - 1. Calculate x(i).
9
Let g(l) = -12*l**3 + 3*l**2 - 14*l + 11. Let y(d) = 5*d**3 - 2*d**2 + 6*d - 5. Let x(i) = 2*g(i) + 5*y(i). Let q be ((-16)/(-20))/(2/10). Determine x(q).
5
Let h(o) = 16*o + 418. Let q be h(-26). Let y(k) be the second derivative of -8*k + 0*k**4 - 1/2*k**q + 1/6*k**3 + 1/10*k**5 + 0. Calculate y(1).
2
Suppose 4*l + 60 = 5*p, 3*p + 17 = 5*p - 3*l. Let c be (1 - -13)*p/56. Let n(z) = -z**2 + 7*z - 5. Calculate n(c).
7
Suppose 4*r = -3*g - 23, -g - 4*r - 2 = 19. Let o(x) be the first derivative of 5*x**3/3 - x**2/2 - x + 1. Give o(g).
5
Suppose 0 = 3*c - c - 4. Let k(u) = u**c + u + 5 - 2*u - 7*u + 0. Calculate k(4).
-11
Let o(p) = p - p + p**2 + p - 2*p**3. Suppose -y - 58 = -61. Let n be (1/y)/(1/(-3)). Give o(n).
2
Let p(d) = -5*d + 135. Let l be p(28). Let o(z) = 3*z + 20. Determine o(l).
5
Let q(a) be the first derivative of 4*a - a**2 + 1/3*a**3 + 6. Let k(j) = j**2 - 6*j + 3. Let r be k(6). Give q(r).
7
Let h(s) be the third derivative of -s**5/60 + 17*s**4/24 - 7*s**3/6 + s**2 - 113*s. Calculate h(16).
9
Let y(k) = k**3 - 3*k**2 - 4*k + 2. Let j be y(4). Let b(c) = -3 + 2 + 5 - 2*c + j. Let m be -2 - 4*-1 - -3. Calculate b(m).
-4
Let w be (4/2)/(-5 - -3)*75. Let l = -70 - w. Let d(s) = s**3 - 6*s**2 + 4*s + 5. Determine d(l).
0
Let r(f) = 0*f + 7*f + 36*f**2 - 37*f**2 - 4. What is r(8)?
-12
Let l be 5 - 1/(4/44). Let a(q) = -2*q**2 - 5*q + 4. Calculate a(l).
-38
Let x(k) = -k - 2. Let r(h) = -2*h**3 - 2*h - 2. Let s be r(-1). Let l(m) = -m**2 - m + 4. Let b be l(s). Give x(b).
0
Suppose 19*d + 86 = -47. Let k(p) = -p**3 - 8*p**2 - 7*p - 8. Determine k(d).
-8
Let r(o) = -o + 12. Let k(p) = -12*p - 126. Let b be k(-11). What is r(b)?
6
Let h(f) = f**3 - 7*f**2 + 9*f - 9. Let g(r) = -4*r - 10. Let i be g(-4). Let u be (-57)/(-9) + (-2)/i. Determine h(u).
9
Let w(i) = -i**2 - 3*i - 4. Let f(l) = -3*l**2 - 10*l - 11. Let p(n) = 4*f(n) - 11*w(n). Suppose 0 = j + 13 - 6. Determine p(j).
0
Let d(i) be the first derivative of -i**4/4 + i**2/2 + 16*i + 350. What is d(0)?
16
Let m(x) = -3*x**3 + 89*x**2 + 29*x + 16. Let f be m(30). Let p(j) = -j - 30. Calculate p(f).
-16
Let w(k) = -4*k - 2. Let h(s) be the third derivative of -s**4/24 + 7*s**3/6 - 2*s**2. Let f be h(5). Give w(f).
-10
Let y(u) be the first derivative of -u - 5 - 1/4*u**4 + 2*u**3 - 7/2*u**2. Calculate y(5).
-11
Let w = -5 - -9. Let y = -56 - -68. Let l be -1 + w + y + -12. Let p(j) = -j**3 + 2*j**2 + 2*j + 1. What is p(l)?
-2
Let y be (-204)/(-54) + 2/9. Suppose -y*j + 3*t = -t + 4, -5*j + 3*t = -1. Let g(p) = p - 1. Calculate g(j).
1
Let d(z) = 5*z**2 + z + 1. Let k(y) = 11*y**2 + y + 3. Let h(i) = 13*d(i) - 6*k(i). What is h(4)?
7
Let d(v) = -9*v + 12. Let i(k) = 19*k - 32. Let z(l) = -5*d(l) - 2*i(l). Determine z(1).
11
Let p(z) = 5*z**2 - z - 1. Let f be -9*16/24 - -5. What is p(f)?
5
Let s(j) be the second derivative of 23*j**8/6720 + j**7/2520 - j**6/720 + j**5/120 + 13*j**4/12 + 24*j. Let c(i) be the third derivative of s(i). What is c(1)?
24
Let k be 6 - 8/6*-6. Let y(p) = p**3 - 15*p**2 + 14*p - 4. Calculate y(k).
-4
Let p(k) be the second derivative of k**4/6 - 4*k**3 + 13*k**2 - 62*k - 1. Determine p(11).
4
Suppose -3*f - 4*a - 21 = 0, -3*f + a = -2*a. Let j(k) = k**2 + 8*k - 3. Let v be j(-10). Let h(c) = -c**3 - 2*c**2 - 2*c**2 - v*c + 13*c. Determine h(f).
3
Let l(v) be the third derivative of -v**5/30 + v**4/6 + v**3 - 176*v**2. What is l(6)?
-42
Let q(c) = 4*c**2 - 2. Suppose -2 = s + 4*p, -16*s + 5*p + 4 = -18*s. Let j be s - (-3 + 3)/2. Calculate q(j).
14
Suppose 1 = -5*g + z - 18, g + 19 = 4*z. Let r(t) = -t**3 - 4*t**2 - 4*t + 1. Let w be r(g). Let x(q) = w + q**2 + 0*q**2 - 2*q**2 + 3*q - 2. Give x(4).
-2
Let t(b) = 3*b**3 + 13*b**2 - b + 19. Let w(s) = 8*s**3 + 37*s**2 - 2*s + 55. Let h(y) = -11*t(y) + 4*w(y). Give h(6).
-7
Let s(w) = 22*w**3 + 1 + 33*w**3 + 0 - 48*w**3 + 5*w - 4*w - w**2. Suppose -2*p = f - 9, -18 = -f - 4*p + 1. What is s(f)?
-8
Let x(s) = 3*s**3 - 3*s**2 + 0*s**2 + 1 - 6*s - 2*s**3. Suppose 7*d = 3*d - 52. Let z = -9 - d. Determine x(z).
-7
Let v(p) = -p**3 - 2*p + 1. Let y(n) = -6*n**3 + 10*n**2 - 9*n + 15. Let q(l) = -5*v(l) + y(l). Give q(10).
20
Let q(f) be the second derivative of -f**4/6 + 2*f**2 + 7*f. Suppose 22*l + 2 = 23*l. Suppose -4*n = n - 3*a + 21, 10 = -2*n + l*a. What is q(n)?
-14
Suppose 5*d - 4*l - l = 20, -4*d = -5*l - 17. Let m(y) = -4 + 219*y**3 + y + d - 232*y**3. Determine m(1).
-13
Let f be 0/(1/(-2)*4). Let w be 2/(2 - f) + -4. Let d = -2 + w. Let o(n) = -n**2 - 6*n - 6. What is o(d)?
-1
Let t(a) = 7*a**3 - a**2 + 12*a + 11. Let k(g) = -6*g**3 + 2*g**2 - 11*g - 10. Let n(x) = -6*k(x) - 5*t(x). Let o(l) = 25*l + 156. Let f be o(-6). What is n(f)?
5
Let y(j) = -j**2 - 9*j - 1. Let q(g) be the first derivative of -g**4/4 + 2*g**3 - 7*g**2/2 + 4*g + 1. Let i be q(5). Give y(i).
17
Let h(i) = -i**2 - 4*i + 4. Let a be 3/(-4*2/(-8)). Suppose 5*j + 29 = -a*y, 2*j - 8 = j + 4*y. Calculate h(j).
4
Let t(j) = 3*j + 17*j**2 + 4*j + 1 - 2 - 18*